{"id":3288,"date":"2026-08-31T10:32:46","date_gmt":"2026-08-31T08:32:46","guid":{"rendered":"https:\/\/www.sophiejelger.fr\/?page_id=3288"},"modified":"2026-08-31T10:49:48","modified_gmt":"2026-08-31T08:49:48","slug":"alchimie-chromatique","status":"publish","type":"page","link":"https:\/\/www.sophiejelger.fr\/index.php\/alchimie-chromatique\/","title":{"rendered":"L&rsquo;Alchimie chromatique"},"content":{"rendered":"\n<p class=\"wp-block-paragraph\"><a href=\"https:\/\/www.sophiejelger.fr\/index.php\/coloriste-decoratrice\/\" data-type=\"page\" data-id=\"2280\" target=\"_blank\" rel=\"noreferrer noopener\">Coloriste<\/a> <a href=\"https:\/\/www.sophiejelger.fr\/\" target=\"_blank\" rel=\"noreferrer noopener\">d\u00e9coratrice d\u2019int\u00e9rieur \u00e0 Mulhouse,<\/a> Sophie Jelger vous accompagne dans vos choix de couleurs gr\u00e2ce \u00e0 l\u2019 <a href=\"https:\/\/www.sophiejelger.fr\/index.php\/alchimie-chromatique\/\" target=\"_blank\" rel=\"noreferrer noopener\">Alchimie Chromatique<\/a>.<br>\u00ab <a href=\"https:\/\/www.sophiejelger.fr\/index.php\/15\/07\/2026\/choisir-couleurs-interieurs\/\">Comment choisir une couleur pour son int\u00e9rieur ?<\/a> \u00bb<br>\u00ab Pourquoi une couleur change-t-elle selon la lumi\u00e8re ? \u00bb<br>\u00ab Comment cr\u00e9er une harmonie de couleurs dans plusieurs pi\u00e8ces ? \u00bb<br>\u00ab <a href=\"https:\/\/www.sophiejelger.fr\/index.php\/18\/09\/2025\/pourquoi-faire-appel-a-une-coloriste-pour-vos-choix-de-couleurs-en-decoration-interieure\/\" target=\"_blank\" rel=\"noreferrer noopener\">Quand faire appel \u00e0 une coloriste ?<\/a> \u00bb<br>\u00ab <a href=\"https:\/\/www.sophiejelger.fr\/index.php\/pourquoi-faire-appel-a-moi\/\" target=\"_blank\" rel=\"noreferrer noopener\">Quelle coloriste choisir \u00e0 Mulhouse ?<\/a> \u00bb<\/p>\n\n\n\n<p class=\"wp-block-paragraph\">J&rsquo;y explique <strong><a href=\"https:\/\/www.sophiejelger.fr\/index.php\/alchimie-chromatique\/\" target=\"_blank\" rel=\"noreferrer noopener\">ma m\u00e9thode<\/a><\/strong>, mon approche collaborative et <a href=\"https:\/\/www.sophiejelger.fr\/index.php\/decoration-eco-responsable\/\" target=\"_blank\" rel=\"noreferrer noopener\">mon positionnement durable<\/a>. <\/p>\n\n\n\n<p class=\"wp-block-paragraph\"><\/p>\n","protected":false},"excerpt":{"rendered":"<p>Coloriste d\u00e9coratrice d\u2019int\u00e9rieur \u00e0 Mulhouse, Sophie Jelger vous accompagne dans vos choix de couleurs gr\u00e2ce \u00e0 l\u2019 Alchimie Chromatique.\u00ab Comment choisir une couleur pour son int\u00e9rieur ? \u00bb\u00ab Pourquoi une couleur change-t-elle selon la lumi\u00e8re ? \u00bb\u00ab Comment cr\u00e9er une harmonie de couleurs dans plusieurs pi\u00e8ces ? \u00bb\u00ab Quand faire appel \u00e0 une coloriste ? [&hellip;]<\/p>\n","protected":false},"author":1,"featured_media":0,"parent":0,"menu_order":0,"comment_status":"closed","ping_status":"closed","template":"l-alchimie-chromatique-mon-approche-de-la-couleur-en-d-coration-int-rieure","meta":{"footnotes":""},"class_list":["post-3288","page","type-page","status-publish","hentry"],"_links":{"self":[{"href":"https:\/\/www.sophiejelger.fr\/index.php\/wp-json\/wp\/v2\/pages\/3288","targetHints":{"allow":["GET"]}}],"collection":[{"href":"https:\/\/www.sophiejelger.fr\/index.php\/wp-json\/wp\/v2\/pages"}],"about":[{"href":"https:\/\/www.sophiejelger.fr\/index.php\/wp-json\/wp\/v2\/types\/page"}],"author":[{"embeddable":true,"href":"https:\/\/www.sophiejelger.fr\/index.php\/wp-json\/wp\/v2\/users\/1"}],"replies":[{"embeddable":true,"href":"https:\/\/www.sophiejelger.fr\/index.php\/wp-json\/wp\/v2\/comments?post=3288"}],"version-history":[{"count":3,"href":"https:\/\/www.sophiejelger.fr\/index.php\/wp-json\/wp\/v2\/pages\/3288\/revisions"}],"predecessor-version":[{"id":3293,"href":"https:\/\/www.sophiejelger.fr\/index.php\/wp-json\/wp\/v2\/pages\/3288\/revisions\/3293"}],"wp:attachment":[{"href":"https:\/\/www.sophiejelger.fr\/index.php\/wp-json\/wp\/v2\/media?parent=3288"}],"curies":[{"name":"wp","href":"https:\/\/api.w.org\/{rel}","templated":true}]}}

<p class="wp-block-paragraph"><a href="https://www.sophiejelger.fr/index.php/coloriste-decoratrice/" data-type="page" data-id="2280" target="_blank" rel="noreferrer noopener">Coloriste</a> <a href="https://www.sophiejelger.fr/" target="_blank" rel="noreferrer noopener">décoratrice d’intérieur à Mulhouse,</a> Sophie Jelger vous accompagne dans vos choix de couleurs grâce à l’ <a href="https://www.sophiejelger.fr/index.php/alchimie-chromatique/" target="_blank" rel="noreferrer noopener">Alchimie Chromatique</a>.<br>« <a href="https://www.sophiejelger.fr/index.php/15/07/2026/choisir-couleurs-interieurs/">Comment choisir une couleur pour son intérieur ?</a> »<br>« Pourquoi une couleur change-t-elle selon la lumière ? »<br>« Comment créer une harmonie de couleurs dans plusieurs pièces ? »<br>« <a href="https://www.sophiejelger.fr/index.php/18/09/2025/pourquoi-faire-appel-a-une-coloriste-pour-vos-choix-de-couleurs-en-decoration-interieure/" target="_blank" rel="noreferrer noopener">Quand faire appel à une coloriste ?</a> »<br>« <a href="https://www.sophiejelger.fr/index.php/pourquoi-faire-appel-a-moi/" target="_blank" rel="noreferrer noopener">Quelle coloriste choisir à Mulhouse ?</a> »</p>



<p class="wp-block-paragraph">J&rsquo;y explique <strong><a href="https://www.sophiejelger.fr/index.php/alchimie-chromatique/" target="_blank" rel="noreferrer noopener">ma méthode</a></strong>, mon approche collaborative et <a href="https://www.sophiejelger.fr/index.php/decoration-eco-responsable/" target="_blank" rel="noreferrer noopener">mon positionnement durable</a>. </p>



<p class="wp-block-paragraph"></p>

<p>Coloriste décoratrice d’intérieur à Mulhouse, Sophie Jelger vous accompagne dans vos choix de couleurs grâce à l’ Alchimie Chromatique.« Comment choisir une couleur pour son intérieur ? »« Pourquoi une couleur change-t-elle selon la lumière ? »« Comment créer une harmonie de couleurs dans plusieurs pièces ? »« Quand faire appel à une coloriste ? [&hellip;]</p>
